 8*r + 4. Suppose -4*t - o = -23, -3*t + 69 = -4*o + 66. Give s(t).
-11
Let w(y) be the first derivative of -y**3/3 - 7*y**2 - 7*y - 257. What is w(-9)?
38
Let x(i) = -27*i**2 + 5*i + 7. Let y(r) = -5*r + 30. Let o be y(5). Let w(z) = 13*z**2 - 2*z - 3. Let c(j) = o*w(j) + 2*x(j). Give c(-1).
10
Let k(w) = w**2 + 5*w + 2. Suppose 2*x = 16*x - 196. Let z(m) = m - 16. Let h be z(x). Determine k(h).
-4
Let h = -107 + 115. Let g(d) = -4*d - 4. What is g(h)?
-36
Let j(s) be the first derivative of 7*s**2 + 14*s + 19. Let d(b) = 5*b + 5. Let c(x) = -8*d(x) + 3*j(x). Give c(-3).
-4
Suppose 170*s - 199*s + 725 = 0. Let o(z) = -z + 21. Determine o(s).
-4
Let m(j) = -4*j**3 + j**2 - 3*j - 3. Let x = 67 + -69. Give m(x).
39
Suppose -4 = 3*f + 4*l, 8 = -0*f - 3*f - 5*l. Let i(o) = 8*o - 2 + o**2 - f*o - 2*o. Determine i(-2).
-2
Let k be -2 - (-1 - 2/2). Suppose -3*n = 2*r - k*n - 3, 4*r - 2 = -2*n. Let h(m) = -m - 1. Let j(z) = -z**2 + 2*z. Let w(v) = h(v) + j(v). What is w(r)?
-1
Let f be ((-3)/2)/((-3)/(-12)). Let z(u) be the third derivative of u**6/120 + 7*u**5/60 + u**4/6 - 2*u**3/3 + u**2 + 46*u. Calculate z(f).
8
Let h(u) = -u**3 + 2*u**2 + 4*u + 1. Let n(r) = r**3 + 3*r**2 - 4*r + 1. Let o be n(-4). Let q be (9/(-15))/(o/(-5)). Give h(q).
4
Let c(y) be the third derivative of y**6/360 + y**5/120 + y**4/24 - 15*y**2. Let i(f) be the second derivative of c(f). Determine i(-2).
-3
Let a(d) = -d**2 - 4*d + 13. Suppose -12*y - 3*b = -17*y - 44, 0 = -y + b - 10. Determine a(y).
-8
Let k(x) be the first derivative of -x**2 + 2*x - 60. Calculate k(4).
-6
Let i be (-3)/2*616/(-66). Let g(w) = w**3 - 13*w**2 - 16*w + 15. Calculate g(i).
-13
Let u be (0 - 5/4)*36. Let y be ((-18)/u)/(1/5). Suppose -4*s - 16 = -3*j, -4*j = 2*s + y*s + 16. Let o(g) = g + 3. Give o(j).
3
Let h(f) = -2 - 5 - 1062*f**2 + 1063*f**2. Determine h(0).
-7
Let m(k) = -5*k**3 + 26*k**2 - 8*k - 11. Let i(b) = -2*b**3 + 9*b**2 - 3*b - 4. Let u(o) = 8*i(o) - 3*m(o). Determine u(-6).
1
Let o(f) = -3*f + 3*f - 160*f**2 - 3*f - 9 + 161*f**2. Give o(5).
1
Let c(o) = o**3 + 2*o**2 - 4*o. Let f(i) = 8*i + 6. Let t be f(3). Let l = 27 - t. Calculate c(l).
3
Suppose -11*w + 13*w = -4*v - 18, -2*w = 3*v + 11. Let o(z) = -z**3 - 8*z**2 - 8*z - 10. Give o(v).
-3
Let a(j) be the second derivative of -j**5/30 - j**4/8 - 3*j**3/2 - 6*j. Let w(k) be the second derivative of a(k). Calculate w(3).
-15
Suppose 7*a = 79 + 68. Let b = a + -25. Let u(h) = -h**3 - 2*h**2 + 5*h - 3. What is u(b)?
9
Let t(y) be the second derivative of -y**8/6720 - y**7/2520 - y**6/720 - y**5/20 + 13*y**4/12 + 34*y. Let h(p) be the third derivative of t(p). Give h(0).
-6
Let f be (2/(-3))/((-1)/3). Suppose 12 = f*o + 2*j - 6, -4*o + 31 = 3*j. Let r(k) = k - 2. Let w(a) = -a + 4. Let i(n) = -3*r(n) - 2*w(n). What is i(o)?
-6
Let t(y) = 4*y**2 - 1. Let d(g) = -g**2 + 2*g - 3. Let b be d(3). Let j(q) = -7*q + 15*q - 9*q - 5*q**2 + 0*q**2 + 1. Let m(z) = b*t(z) - 5*j(z). What is m(-3)?
-5
Let v(l) = 11*l - 4*l**2 - 3*l + 4*l**2 - 2*l - 5 - l**2. Determine v(5).
0
Let y(b) = -b**2 - 6*b + 9. Let s be y(-9). Let c = s + 15. Let q(f) = -f**3 - 2*f**2 + f - 2. Give q(c).
4
Let q(c) = -c - 1. Let j(g) = g**2 + 8*g + 2. Let k(y) = y**3 - y**2 + 2. Let l be k(0). Let v(a) = l*q(a) + j(a). Let w be 18/(-4)*(-8)/(-6). Determine v(w).
0
Let x(v) = -v**3 - 8*v + 2. Let i(u) = 2*u**3 + 17*u - 4. Let q(d) = 4*i(d) + 9*x(d). Calculate q(3).
-37
Let f(d) = -3*d**2 + 2*d + 2. Let s be f(2). Let m = s + 8. Let l(n) = -8 + 1 + 5 - n**m. What is l(-2)?
-6
Let a(k) = -57*k - 61. Let c(f) = -160*f - 181. Let o(y) = 17*a(y) - 6*c(y). Give o(5).
4
Let z = 58 - 76. Let t(i) = -i**2 - 18*i + 3. What is t(z)?
3
Let v(s) = 3*s**3 - 2*s**2 - 2*s + 1. Let a(z) = -z**3 + z**2. Let k(x) = 4*a(x) + v(x). Calculate k(2).
-3
Let v(c) be the second derivative of -c**4/12 - c**3 - 3*c**2/2 - 16*c - 2. Calculate v(-5).
2
Let w(y) = -2*y - 3. Let p be w(-2). Let r(t) = -3*t - p + 0*t + 2*t + 2*t. Give r(1).
0
Let g(o) be the second derivative of o**5/20 + o**4/3 + 2*o**3/3 + o**2 + o. Suppose -18 - 84 = 3*y. Let v = y + 32. Determine g(v).
2
Suppose -3 = 4*r - 7*r. Let b(n) = -2*n**2 - 2*n - 2*n**2 + 1 + 5*n**2. What is b(r)?
0
Let s(g) = -5*g. Let u(r) = r**3 + 36*r**2 + 4*r + 13. Let k(q) = -q**3 - 24*q**2 - 3*q - 9. Let j(w) = -7*k(w) - 5*u(w). Let b be j(6). What is s(b)?
-20
Suppose 10*m + 18 = 16*m. Let n(l) = 8*l - 19. What is n(m)?
5
Let l(p) = p**3 + p**2 + p + 3. Let j(q) = 5*q**3 + 5*q**2 + q + 16. Let g(b) = -j(b) + 4*l(b). Determine g(2).
-10
Let t(d) = -2*d**3 + 7 - 9*d - 12*d + 11*d - 10*d**2 + d**3. Calculate t(-9).
16
Let q(l) = 8*l. Let x be (-27)/(1*(-12)/8). Suppose -2*o + x = 5*d, -2*o + 4*d = 2*d + 10. Give q(o).
-8
Let l(s) = s**2 - 10*s - 21. Let y(q) = q**3 + q**2 - 3*q + 7. Let u be y(-2). Give l(u).
-30
Let u(b) = 9 + 0*b + b - 3*b. Let g be -4 + (16/(-2) - -19). Calculate u(g).
-5
Let h(d) = 26*d**3 + 2*d - 2. Suppose -6*j - 4*u = -5*u - 1, 0 = -j + 5*u - 24. Calculate h(j).
26
Let y be (-3 + 8)*(0 - -1). Let s(f) = -6*f**3 + 14*f**2 - 15*f + 3. Let t(k) = -5*k**3 + 13*k**2 - 14*k + 4. Let i(c) = y*t(c) - 4*s(c). Give i(8).
-8
Let j be (-12 - -2)*(-3)/6. Let q be (-52)/(-10) - 1/j. Suppose 10 = -0*o - q*o. Let l(x) = -x - 4. What is l(o)?
-2
Let r(o) = 2*o - 1. Let k(t) = -t**2 + 4*t - 2. Let n(a) = -3*k(a) + 5*r(a). Give n(2).
9
Suppose -5*k = -3*p - 3*k - 22, 5*p + 4*k = 0. Let u(w) = -w**3 - 3*w**2 - 3*w - 2. Give u(p).
26
Let d be (12/9)/(4/12). Let n be -1 - (-3)/((-12)/d). Let g(h) = -h**2 - h - 1. Determine g(n).
-3
Let o(p) = -28*p**3 - 2*p**2 - 2*p - 1. Suppose 0*g - 2*g - 2 = -j, g + 1 = -4*j. What is o(g)?
27
Let g(n) = 2*n + 5. Let p(u) = 14*u - 26*u + 14*u + 4. Let r(x) = -3*g(x) + 2*p(x). Give r(-6).
5
Let i(f) be the third derivative of f**6/360 + f**5/20 + f**4/8 - 5*f**3/3 - 14*f**2. Let y(w) be the first derivative of i(w). Give y(-6).
3
Let a(m) be the third derivative of -m**4/24 + m**3/3 + 31*m**2. Suppose 0 = j + 5*w - 7, 2*j - 4*w - 7 = -7*w. Determine a(j).
0
Let f be (1/(-2))/(12/(-288)). Let j(u) = -u**3 + 11*u**2 + 11*u - 10. Calculate j(f).
-22
Let q(u) be the second derivative of u**4/12 - u**3 - 9*u**2/2 - 24*u. Determine q(7).
-2
Suppose -4*i + 4 = -4. Suppose 5*z + 34 = -3*g, -i*g + z - 53 = 2*g. Let h = 19 + g. Let b(x) = x**2 - 7*x + 6. Calculate b(h).
0
Let u(b) = 2*b + 4. Let w(m) = -2*m**2 - 13*m + 6. Let v(p) = p**2 + p - 1. Let j(a) = -3*v(a) - w(a). Let l be j(10). What is u(l)?
-2
Let i(n) = 2*n - 6. Let a(c) = c**3 + 7*c**2 - 18*c + 7. Suppose -12 - 42 = 6*m. Let g be a(m). Give i(g).
8
Let r(s) = -7*s**3 + 14*s**2 - 15*s + 7. Let z(p) = 2*p**3 - p**2 + p. Let g(m) = -r(m) - 4*z(m). What is g(-11)?
-7
Let z(p) = -p**3 + 5*p**2 + 7*p - 6. Let b be z(6). Let i(t) = -t**3 + t**2 - t - 6. Let y be i(b). Let w(g) = g + 9. Give w(y).
3
Suppose 0 = 3*o - 5*r - 5, 4*o + 2*r = -r + 26. Let x(a) = -3*a - o*a + 5 + 11*a. Give x(-4).
-7
Let s(v) = v + 6. Let p be s(-3). Let w(l) be the first derivative of 5 + 1/2*l**2 - 1/3*l**p - l. Determine w(0).
-1
Let x(r) be the first derivative of 3 + 5*r + 1/3*r**3 - 7/2*r**2. Let k be ((-2)/5)/(2/(-20)). Calculate x(k).
-7
Let r(f) = f**3 + f**2 - f - 1. Let u be r(-1). Let t(y) = -7 + u*y**3 + 5*y**2 - y**3 + 1 + 7*y. Give t(6).
0
Let z(l) be the second derivative of -l**4/6 + 2*l**3/3 - l**2 - 2*l. Suppose 0 = 3*m - 2*w - 7, 8 = 2*m + 2*w - 0. Calculate z(m).
-8
Let u(a) = 2*a**3 - 7 - 2*a**2 - 4 + 10 + a. Suppose -5*j - 25 = 0, -2*m + 5*j = -30 - 5. Suppose m*c - 9 - 1 = 0. Give u(c).
9
Let x(n) = 2*n**2 + 3*n - 4. Let i be (-11)/(275/(-30))*15/(-6). Give x(i).
5
Suppose 5*r - 6*r = 4. Let k be (-77)/r - 3/(-4). Let l = k - 21. Let s(m) = m**2 - m. Give s(l).
2
Let q(d) = 4*d**2. Let c be q(-1). Let s = c + 0. Suppose o + s*z = -3, -2*z + 6 = 2*o - 0*z. Let y(h) = 2*h - 4. What is y(o)?
6
Let k(b) = 147*b - 102. Let n(l) = 11*l - 8. Let h(q) = 2*k(q) - 27*n(q). What is h(2)?
6
Let g(i) be the third derivative of -i**4/24 - i**3/2 - i**2. Let s = 17 - -6. Suppose 0 = -3*x + 5*t - s, -3*x + 2*x + 4*t = 10. What is g(x)?
3
Let s(z) = -25*z**2 - 2*z - 5 + 20*z**2 + 4. What is s(-1)?
-4
Let g(r) be the third derivative of r**4/24 - 5*r**3/2 + 5*r**2. Let m be g(10). Le